 units digit of n?
4
Let u(g) = -10*g**2 - 2*g**3 + 8*g**3 + 2*g**2 + 6*g - 5*g**3 - 6. Let k(c) = 7*c**3 + c**2. Let w be k(1). What is the units digit of u(w)?
2
Let n = -5 - -4. Let b be -4*3/(-24)*2 + 2. Let l = n + b. What is the units digit of l?
2
Suppose 2*d - 7*d + 5 = 0. Let s be d + 1/5*(3 - -2). Suppose -5*c = z - 13 - 16, -s*c + 168 = 5*z. What is the tens digit of z?
3
Suppose -26*n + 25*n = -21*n + 331660. What is the units digit of n?
3
Let v = -615 - -620. Suppose 1445 = v*n + i, -3*n + 2*i = i - 875. What is the tens digit of n?
9
Let v(p) be the third derivative of 0 - 1/24*p**4 - p**2 + 0*p - 1/120*p**6 - 1/5*p**5 - 2*p**3. What is the tens digit of v(-13)?
7
Let u(x) = -x + 19. Let a be u(7). Suppose 4*l - a = -0*l + 4*m, 5*l + 4*m = -12. Suppose l = 15*s - 1810 + 145. What is the hundreds digit of s?
1
Let n = 23 - 17. Let l = 104 - 107. What is the tens digit of l/9 - (-830)/n?
3
Suppose 11*k = 27*k - 64. Suppose 3*a + p - 3502 = 0, -3*a - p + 3482 = k*p. What is the thousands digit of a?
1
Let c = -6040 + 9735. What is the units digit of c?
5
Let u = -2419 + 3449. What is the thousands digit of u?
1
What is the ten thousands digit of 3/7 + 256/56 + -2 - -15343?
1
Let h(n) = 2*n**3 - n**2 + n - 26. Let x be h(5). Let y = x - 135. What is the units digit of y?
9
Let m(i) = -13*i - 32. Let j be 10/4 - ((-3)/(-6) + -1). Let u be -3 - (-3)/(j/(-4)). What is the tens digit of m(u)?
5
Suppose 3*i + 8 = -4*q, -5*i + 5*q - 7*q = -10. Suppose i*x - 2088 = 432. What is the units digit of x?
0
Suppose -7*u + 54810 + 749 = 0. What is the tens digit of u?
3
Suppose a - 5*z = 28, -4*a - 7*z = -3*z + 8. Suppose 4*q - k - 1455 = 0, 0 = a*k + 8 - 11. What is the units digit of q?
4
What is the hundreds digit of 6/16 - ((-70439)/24 + 9/27)?
9
Let f = 14948 - -17405. What is the hundreds digit of f?
3
Let o(z) = z**3 + z**2 + 10. Let s be (-12)/24*(-1 - -1). Let w be o(s). Suppose 9*r = w*r - 43. What is the tens digit of r?
4
Let k(s) = 3*s - 10. Suppose 5*g + 25 = 0, 4*x + 0*g + 77 = 3*g. Let m be k(x). Let z = m + 188. What is the units digit of z?
9
Suppose 2*u - 3217 = 5*l, -6395 = -u - 3*u - 3*l. What is the hundreds digit of u?
6
Let p(q) = q**3 - 4*q**2 - 4*q + 9. Let r be p(5). Suppose r*n = 4*n + 30. Suppose 2*o = -o + n, 3*h - 5*o = 139. What is the units digit of h?
8
Let d(n) = 19*n**2 - 203*n - 1015. What is the tens digit of d(-54)?
5
Let g(q) = -q + 6. Let l be g(-7). Let i(t) = -2*t + 28. Let h be i(l). Suppose -5*y - a - 3*a + 411 = 0, 0 = -y + h*a + 85. What is the tens digit of y?
8
Let u(z) = -z**2 + 5. Let s be u(0). Let f(x) = -x**2 + 8*x - 4. Let p be f(7). Suppose p*a + a = -s*k + 69, 78 = 4*a + 2*k. What is the units digit of a?
1
Suppose -p = -105 + 81. Let r be (2 - 20)/(36/p). What is the units digit of ((-66)/9)/(r/234)?
3
Let w = -368 + -5446. What is the hundreds digit of 5/(-20) + w/(-24)?
2
Let v be -8 + -1 + 6/3. Let y(z) = -z**3 - 7*z**2 - z - 5. Let a be y(v). What is the units digit of (a/(-4) - (2 + -4))*20?
0
What is the tens digit of (-300)/264*-24392 + 10/(-55)?
1
Let c(q) = 129*q - 1587. What is the units digit of c(13)?
0
Let t = -839 - -5007. What is the units digit of t?
8
Let h be (5 + 2 + -5)/(8/12). Suppose -10*y = -12*y - h*b + 2699, -3*y + 4*b + 4006 = 0. What is the tens digit of y?
4
Let x = 1309 + 8900. What is the units digit of x?
9
Let c(y) = -16*y**3 + 11*y**2 - 17*y + 4. Let q be c(2). Suppose -5*n = -n - 916. Let m = q + n. What is the units digit of m?
5
Let f = 55 - 50. Suppose 4 = f*v + u, 5*v - 6 = 2*u - u. What is the units digit of (v/(-2))/(0 - (-3)/(-258))?
3
What is the thousands digit of 576910/75 + 5 - 24/180?
7
Let t = -16227 - -30334. What is the ten thousands digit of t?
1
Suppose -744724 = -18*d - 19*d - 4*d. What is the units digit of d?
4
Suppose 0 = -102*u - 21*u + 3317310. What is the tens digit of u?
7
Let v = -3215 - -5632. What is the tens digit of v?
1
Let l be 320/((-4)/(-2)*1/6). Suppose 3*i - l = 4*h, 212 = 2*i + h - 417. Let q = -215 + i. What is the tens digit of q?
0
Suppose -5*f = -5*w + 30, -1 - 6 = -3*f - 2*w. Let z(q) = -123*q**3 - q**2 + 1. Let y be z(f). Let p = y + -21. What is the tens digit of p?
0
Let p(c) = -47 - 81 - 64 + 161 + 14*c. Let u = 20 + -7. What is the hundreds digit of p(u)?
1
Let p = -114 + 205. Suppose h - 2*t = 40, 3*h - 23 - p = 4*t. What is the units digit of h?
4
Suppose 4*v - 96 = y - 3*y, -v + 42 = -4*y. Let t = v - 23. Suppose -2*x + 53 = b, 4*b - t*x = 202 - 23. What is the units digit of b?
7
Suppose -7*t = -3*u - 2*t + 172, -5*t = -4*u + 221. Suppose u = -5*s + 1599. What is the units digit of s?
0
Suppose i = 7 - 3. What is the units digit of 35/(-28) + 1797/i?
8
Let h = 1560 - 321. What is the tens digit of h?
3
Let m(i) = i**2 - 6*i + 10. Let w be m(5). Suppose -w*x + 3 = -2*x - 3*o, 0 = 2*o. What is the units digit of (x - 1) + (68 - -6)?
4
Let f(i) = 1171*i + 906. What is the hundreds digit of f(3)?
4
Let p(m) = -m**3 - 14*m**2 - 6*m + 31. Let n be p(-14). Let b(g) = -19*g + 1. Let s be b(3). Let v = n + s. What is the units digit of v?
9
What is the thousands digit of ((-2)/3 - -1)/((-304)/(-12311088))?
3
Let z be (-28)/(-6)*3129/14. Let u = z - 938. What is the hundreds digit of u?
1
Suppose 2*j + 58239 = 5*n, 0 = -4*n + j + 17122 + 29465. What is the tens digit of n?
4
Suppose 3*n - 55 = u, -2*n - 3*n + 75 = -5*u. Suppose 3*z = -2*z + n. What is the hundreds digit of (-2)/z + 2 + (-329)/(-2)?
1
Suppose 7*g - 23 - 5 = 0. Suppose 0 = 4*i - g*b - b - 1461, -3*i + 1089 = 3*b. What is the hundreds digit of i?
3
Let h = -1966 + 12917. What is the hundreds digit of h?
9
Let k be ((-5)/((-60)/(-93)))/((-3)/12). What is the tens digit of (k + 1)*(28 - 26)?
6
Suppose 0 = -85*n + 89*n - 24, -2*n = -3*x + 21492. What is the thousands digit of x?
7
Suppose -53*j + 54*j - 76792 = -5*s, -4*s + 3*j = -61407. What is the ten thousands digit of s?
1
Let w(x) = 3*x**3 - 22*x**2 - 18*x + 49. Let z be w(12). Suppose 0 = -3*a + z + 389. What is the hundreds digit of a?
7
Let o(l) = -4921*l + 832. What is the ten thousands digit of o(-7)?
3
What is the hundreds digit of (8 - 24*18/84)/((-4)/(-4718))?
3
Suppose -20 = 4*g, -24*g + 9665 = 2*q - 23*g. What is the thousands digit of q?
4
Let q(i) = -163*i + 10. Let k be q(-2). Suppose 4*b + k = 5*b. What is the units digit of 0 - (b/(-9) - (-1)/3)?
7
What is the hundreds digit of (-67468683)/(-897) + 96/(-104)?
2
Let r = -257 - -5. Let a = 879 - r. What is the hundreds digit of a?
1
Let l = -67 + 65. Let t be 131 + (l - (-4 - -3)). Let i = t + -50. What is the tens digit of i?
8
Let b(h) = -h**2 - 3*h + 41. Let o be b(6). Let z = 21 + o. What is the units digit of 3/(-6) - (-236)/z?
9
Let r be (-22572)/6 - ((-1)/1 + 5). What is the hundreds digit of (2 + r/(-21))*3?
5
Let x(q) = q**3 + 10*q**2 + 8*q - 4. Let r be x(-9). Suppose -5*o + 3*j + 2183 = 0, r*j - 459 = 7*o - 8*o. What is the hundreds digit of o?
4
Suppose -4575 = -5*o + 3*h, -5*h + 436 = 2*o - 1425. Suppose 4*k - 2036 = -4*p, -k - o = -3*p + 589. What is the hundreds digit of p?
5
Let z(m) = m**2 + 20*m - 67. Let q be z(-23). Suppose -4*f - 159 = q*t - 5095, -f = -5*t - 1234. What is the units digit of f?
4
Let w = 49 + -82. Let q = w - -27. Let i(r) = -13*r - 3. What is the tens digit of i(q)?
7
Let k(s) = s + 27. Let b be k(9). What is the hundreds digit of (-3)/(-9) - (-6936)/b?
1
Suppose 26*g - 20*g = 18. Suppose 0*b + 15 = g*b, 0 = -2*z + 4*b - 18. Let k(i) = 56*i - 5. What is the units digit of k(z)?
1
Let c(p) = 203*p - 71. Let u(r) = -68*r + 23. Let j(q) = 3*c(q) + 8*u(q). What is the tens digit of j(4)?
3
Let u(y) = -1411*y - 330. Let x be u(-6). What is the hundreds digit of (6/3 + -3)/((-9)/x)?
9
Let w be (18/4)/((-22)/44). Let d = w + -36. What is the units digit of 15/(-6)*1746/d?
7
Suppose -9*c + 89399 = 3*f - 13*c, -2*c = -f + 29797. What is the units digit of f?
5
Suppose -2187*z + 2194*z - 14518 = 0. What is the hundreds digit of z?
0
Let c(u) = 226*u + 1209. What is the hundreds digit of c(22)?
1
Suppose 7*p - 9 = 12. Suppose p*n = 3*u + 33, -2 = -n - 6. What is the hundreds digit of 599/4 + u/(-60)?
1
Suppose 10819 = -18*k + 103991 + 4334. What is the thousands digit of k?
5
Suppose 0 = 4*z + 4*j, -z + 3